reds digit of 132339616?
6
What is the hundreds digit of 235953943?
9
What is the hundreds digit of 309501851?
8
What is the thousands digit of 439352027?
2
What is the ten thousands digit of 14499118?
9
What is the ten thousands digit of 447639008?
3
What is the thousands digit of 2358271268?
1
What is the hundreds digit of 1407982931?
9
What is the tens digit of 350817387?
8
What is the ten millions digit of 417395098?
1
What is the millions digit of 566802802?
6
What is the tens digit of 98147876?
7
What is the ten millions digit of 128701229?
2
What is the ten millions digit of 2209812870?
0
What is the units digit of 1980213553?
3
What is the units digit of 543279274?
4
What is the units digit of 127211265?
5
What is the ten millions digit of 736162062?
3
What is the hundred thousands digit of 138570706?
5
What is the hundred thousands digit of 183983978?
9
What is the hundreds digit of 3733127648?
6
What is the tens digit of 8676564?
6
What is the hundreds digit of 469475654?
6
What is the tens digit of 18578?
7
What is the ten millions digit of 90326021?
9
What is the tens digit of 241775483?
8
What is the ten thousands digit of 35592001?
9
What is the ten thousands digit of 1444310114?
1
What is the millions digit of 682691686?
2
What is the ten thousands digit of 135006163?
0
What is the hundreds digit of 61452854?
8
What is the thousands digit of 65155891?
5
What is the ten thousands digit of 42034133?
3
What is the millions digit of 419506608?
9
What is the ten thousands digit of 771023113?
2
What is the millions digit of 5821659?
5
What is the tens digit of 6606864054?
5
What is the thousands digit of 2929537145?
7
What is the hundred thousands digit of 1025099466?
0
What is the millions digit of 3639610?
3
What is the hundreds digit of 455076879?
8
What is the units digit of 84104688?
8
What is the hundred thousands digit of 5748729606?
7
What is the ten thousands digit of 182664290?
6
What is the hundred millions digit of 833887076?
8
What is the millions digit of 1863173383?
3
What is the tens digit of 770691918?
1
What is the hundreds digit of 2157592997?
9
What is the hundreds digit of 11181676?
6
What is the tens digit of 2086487449?
4
What is the hundred millions digit of 184020442?
1
What is the hundreds digit of 114203261?
2
What is the ten millions digit of 164289407?
6
What is the tens digit of 2324018182?
8
What is the units digit of 140711210?
0
What is the tens digit of 1024365715?
1
What is the hundred thousands digit of 68817264?
8
What is the hundred millions digit of 397540106?
3
What is the tens digit of 4269959586?
8
What is the billions digit of 1307203494?
1
What is the hundreds digit of 42246882?
8
What is the hundred millions digit of 131719815?
1
What is the ten thousands digit of 67123552?
2
What is the units digit of 9149965?
5
What is the ten thousands digit of 3233251871?
5
What is the ten millions digit of 102087123?
0
What is the hundred millions digit of 126440336?
1
What is the tens digit of 543559842?
4
What is the hundreds digit of 690356411?
4
What is the hundreds digit of 150220321?
3
What is the hundred millions digit of 118864078?
1
What is the ten thousands digit of 147729427?
2
What is the units digit of 127102956?
6
What is the tens digit of 40441942?
4
What is the ten thousands digit of 150053194?
5
What is the hundred millions digit of 199742308?
1
What is the hundreds digit of 4956975837?
8
What is the units digit of 208906965?
5
What is the ten millions digit of 17951187?
1
What is the tens digit of 57496087?
8
What is the units digit of 254313018?
8
What is the hundreds digit of 197463044?
0
What is the hundreds digit of 79439292?
2
What is the hundred thousands digit of 1634771759?
7
What is the millions digit of 152552715?
2
What is the hundred thousands digit of 132794061?
7
What is the hundred thousands digit of 90684409?
6
What is the ten thousands digit of 478821693?
2
What is the thousands digit of 82532975?
2
What is the millions digit of 36902411?
6
What is the hundred thousands digit of 159796860?
7
What is the thousands digit of 1900763431?
3
What is the tens digit of 26957236?
3
What is the units digit of 4678038497?
7
What is the units digit of 1406742146?
6
What is the hundred thousands digit of 53305093?
3
What is the thousands digit of 252838631?
8
What is the tens digit of 218712377?
7
What is the thousands digit of 2330993795?
3
What is the tens digit of 840710388?
8
What is the billions digit of 1251244928?
1
What is the ten millions digit of 1468994900?
6
What is the ten millions digit of 29760899?
2
What is the millions digit of 624571200?
4
What is the tens digit of 58579708?
0
What is the ten thousands digit of 58925510?
2
What is the hundred thousands digit of 4653627627?
6
What is the hundred thousands digit of 1448454341?
4
What is the millions digit of 14499499?
4
What is the hundred thousands digit of 3176649024?
6
What is the ten thousands digit of 109099142?
9
What is the millions digit of 143176112?
3
What is the units digit of 117648858?
8
What is the ten millions digit of 2022502441?
2
What is the tens digit of 52475632?
3
What is the millions digit of 225926485?
5
What is the hundred millions digit of 736981816?
7
What is the tens digit of 3664360276?
7
What is the hundred thousands digit of 258035850?
0
What is the hundreds digit of 47849224?
2
What is the billions digit of 4465765057?
4
What is the hundred thousands digit of 873390770?
3
What is the hundred thousands digit of 32153354?
1
What is the units digit of 1543446836?
6
What is the millions digit of 6797392?
6
What is the hundred millions digit of 166228996?
1
What is the ten thousands digit of 220674217?
7
What is the units digit of 3733165543?
3
What is the hundreds digit of 205192089?
0
What is the hundred thousands digit of 390850667?
8
What is the tens digit of 250358346?
4
What is the tens digit of 51526738?
3
What is the tens digit of 436519395?
9
What is the ten millions digit of 6009526828?
0
What is the hundreds digit of 16351517?
5
What is the hundred millions digit of 1245178710?
2
What is the ten thousands digit of 2673573523?
7
What is the billions digit of 1560623279?
1
What is the thousands digit of 453398621?
8
What is the ten thousands digit of 181361950?
6
What is the hundred thousands digit of 1199858731?
8
What is the hundreds digit of 97927495?
4
What is the hundred thousands digit of 546311168?
3
What is the tens digit of 259627506?
0
What is the millions digit of 40652305?
0
What is the millions digit of 1176444395?
6
What is the ten millions digit of 76003429?
7
What is the hundred millions digit of 326595053?
3
What is the thousands digit of 79474052?
4
What is the thousands digit of 57945587?
5
What is the units digit of 41228708?
8
What is the hundred thousands digit of 2848039851?
0
What is the ten millions digit of 911857124?
1
What is the thousands digit of 109607754?
7
What is the hundreds digit of 184053474?
4
What is the thousands digit of 1350034791?
4
What is the hundred millions digit of 199834320?
1
What is the ten thousands digit of 192330954?
3
What is the ten millions digit of 639302548?
3
What is the hundred thousands digit of 343959008?
9
What is the tens digit of 52420310?
1
What is the units digit of 2837457794?
4
What is the hundreds digit of 845539951?
9
What is the hundred millions digit of 436751068?
4
What is the millions digit of 37990481?
7
What is the ten thousands digit of 2827963259?
6
What is the hundreds digit of 920307954?
9
What is the hundred thousands digit of 47463885?
4
What is the hundreds digit of 70171009?
0
What is the ten millions digit of 255271959?
5
What is the hundred thousands digit of 2110320337?
3
What is the tens digit of 15759129?
2
What is the millions digit of 511304970?
1
What is the thousands digit of 228793170?
3
What is the ten millions digit of 597853432?
9
What is the ten thousands digit of 3965350648?
5
What is the millions digit of 290487233?
0
What is the tens digit of 1382359639?
3
What is the thousands digit of 10201192?
1
What is the hundred thousands digit of 152502192?
5
What is the hundred thousands digit of 358928861?
9
What is the ten millions digit of 76273085?
7
What is the hundred millions 